1. Suppose f = s + 6 - 1. Let b(o) = o**3 + 5*o**2 - 2. Determine b(s).
-2
Let i(d) = -8*d - 62. Let k(a) = -a - 6. Let h(q) = 2*i(q) - 18*k(q). Give h(5).
-6
Let b = -8 - -10. Let i(d) = -3 + 10 - 2*d + 6*d + b*d - 6. Give i(3).
19
Let i(q) = -9*q**3 + 4*q**2 + 6*q + 2. Let f(y) = -20*y**3 + 9*y**2 + 13*y + 4. Let c(u) = -3*f(u) + 7*i(u). Determine c(2).
-12
Suppose 0 = 5*j - k + 3*k + 28, j + 2*k = -4. Let l(y) = 2*y**2 + y - 2. Let i(o) = 9*o**2 - 2*o - 14. Let c(r) = i(r) - 5*l(r). Give c(j).
2
Let j(q) = q**3 - 4*q**2 - 8*q + 10. Suppose 261*s = 176*s + 425. Give j(s).
-5
Suppose -43 = -3*x + 5*m, 2*m - 4 = 4. Let s be (-3 + x/9)*-12. Let d(l) = 273 - l + 250 - 520. Determine d(s).
-5
Let w be 18/(-63) - ((-132)/21 - -1). Suppose w*t = 4*b - 41, -b = -0*b + t + 1. Let h(c) = c + 2. Determine h(b).
6
Suppose 28*w = 115 + 25. Suppose 3*m - w*m = -2*j + 4, -30 = 3*m + 3*j. Let d(o) = o**3 + 7*o**2 + 6*o. What is d(m)?
0
Let q(a) be the third derivative of -a**6/720 - 2*a**5/15 + 8*a**4/3 - a**3/6 + 93*a**2. Let r(z) be the second derivative of q(z). Calculate r(-13).
-3
Let n = -6 + 10. Suppose -2*p + 9*o = n*o + 9, o = 5*p - 35. Let i(g) = 21*g - 14*g - 59 - 3*g**2 + 66 + 2*g**2. Give i(p).
-1
Let h(l) = -10*l + 1. Let z(m) = -10*m + 2. Let s(y) = 2*h(y) - 3*z(y). Let t be 8/136*49 - (-4)/34. What is s(t)?
26
Let f(p) = -4 + 10*p**3 - 33*p - 40*p - 7*p**2 - 8*p**3 - 3*p**3 + 61*p. Let r be ((-3 - -2) + 0)*5. Calculate f(r).
6
Let a(r) be the first derivative of -1/2*r**2 + 8*r - 68. Give a(7).
1
Let w = 252 + -272. Let y be ((-8)/w)/((-6)/(-180)). Let f(k) = k - 16. Calculate f(y).
-4
Let w = -73 - -84. Suppose w*c + 20 = 15*c. Let i(h) be the second derivative of -h**5/20 + h**4/3 + h**3 + 3*h**2/2 - 6*h. Calculate i(c).
8
Let y(s) = 3*s**3 - 3*s**2 - 10*s - 8. Let n(a) = -a**3 + 2*a + 2. Let c(z) = 2*n(z) + y(z). Calculate c(-2).
-12
Let w(g) = -g**2 + 3*g + 21. Suppose 2*n - 5*z + 15 = 0, 3 = -4*n + 19*z - 18*z. Determine w(n).
21
Let a(h) = 7*h + 251. Let l be a(32). Suppose -523 = -8*v - l. Let r(p) = p**2 - 2*p - 2. Give r(v).
22
Let y(n) be the first derivative of -n**3/3 - 4*n**2 - 2*n - 221. Let a be (24/20)/(6/15). Suppose 3*l = a*b, 0 = -3*l - b - 1 - 15. What is y(l)?
14
Let a(o) = 15*o - 8. Suppose 3*s - 3*l = -9, -s + 3*l - 19 = 6*l. Let j(w) = 13*w - 7. Let y(m) = s*j(m) + 6*a(m). Determine y(-4).
5
Let y(v) be the third derivative of 15*v**2 + 1/2*v**3 + 0*v + 1/8*v**4 + 0. Suppose 3*j - 22 = -5*s, -j - 3*j - 29 = -5*s. Determine y(s).
18
Let m(h) = 3*h**2 - 19*h + 2. Suppose 479*d - 503*d + 144 = 0. Give m(d).
-4
Let g = 17 + -27. Let i(r) = -5*r**2 + 16*r + 20. Let d(k) = 7*k**2 - 18*k - 22. Let v(q) = -3*d(q) - 4*i(q). Give v(g).
-14
Let f(k) be the second derivative of -3/2*k**2 - 1/12*k**4 - 19*k + k**3 - 2. Determine f(2).
5
Let j(t) be the second derivative of -t**3/3 + t**2/2 + 123*t. Suppose 0 = -12*l - 5*l. Determine j(l).
1
Let d(v) = -33*v**2 - 62*v - 6. Let f(p) = 57*p**2 + 63*p + 7. Let o(w) = -3*d(w) - 2*f(w). Give o(4).
4
Let t(l) = l**2 + l - 7. Let u = -89 - -109. Let i be ((-3)/1)/(15/u). Let n be (i + 4)*2/(-4). Calculate t(n).
-7
Let v(l) = l**2 - 18*l + 11. Let h be v(18). Let b(a) = -3*a**2 - 16*a + 12. Let x(d) = d**2 + 6*d - 4. Let n(i) = h*x(i) + 4*b(i). Calculate n(4).
-4
Let b(i) = i**2 - 4*i - 8. Suppose 11*j - 89 = -111. Let o(f) = -f**2 - f. Let n(y) = j*o(y) - b(y). Determine n(-8).
24
Let r be (66/10)/(-11) - (192/(-20) - -2). Let b(i) = i - 38. What is b(r)?
-31
Let k(s) = 82*s - 51. Let b be k(3). Let w = 0 - 12. Let n be b/(-27) + w/(-54). Let m(g) = g**3 + 7*g**2 - g - 4. Calculate m(n).
3
Let n be ((-32)/(-12))/(4/18). Suppose -10*k + 58 + n = 0. Let i be (k - 4 - 4)/((-1)/(-2)). Let s(d) = -2*d - 3. Calculate s(i).
1
Let g(j) be the first derivative of -j**3/3 - 15*j**2/2 - j - 213. What is g(-6)?
53
Let l be 27 + (-1)/(7/28). Suppose -24*c + l = 191. Let j(p) = -p**3 - 7*p**2 + 4*p + 2. Determine j(c).
-26
Let r(k) = -k - 2. Let p(i) = 3*i + 3. Let q(t) = 2*p(t) + 5*r(t). Let c be q(7). Let n(b) = -2*b**2 - 4*b**2 + b**2 - b + b**c + 5*b. Give n(4).
0
Let s(h) = -10*h**2 - 2*h + 1. Suppose -2*d - 8 = -14. Let u be (66/24 - d)/((-1)/4). Calculate s(u).
-11
Let y(o) = -3*o - 26. Let b(z) = 12*z + 105. Let x be 1/(((-1)/(-6))/((-20)/60)). Let l(d) = x*b(d) - 9*y(d). Determine l(-10).
-6
Let w(u) be the first derivative of u**3/3 + 5*u**2/2 + 7*u + 13. Let c be w(-2). Let s(o) = 7 - 2 + 0 - 4*o - 4. What is s(c)?
-3
Let i(t) = 487*t - 178*t - 179*t - 123 - 142*t. What is i(-11)?
9
Let j(p) be the second derivative of -p**5/20 + 5*p**4/12 - p**3/3 + p. Let b be (-82)/(-2) + -1 + -3. Suppose 3*h - 120 = -b*h. Give j(h).
12
Let k(r) = 2*r**2 + r - 1. Let t be k(-2). Let g(d) = 4*d**2 + 3*d - 32. Let q be g(5). Let n(c) = -c**2 + q + 2*c - 164 + 82. Calculate n(t).
-14
Suppose -3*q + 5*k = -38, 0 = -0*q + q - 5*k - 16. Let z(g) = -41*g**2 - 6*g - 9. Let s(w) = -35*w**2 - 7*w - 6. Let i(x) = 7*s(x) - 6*z(x). Calculate i(q).
-10
Let n(y) be the second derivative of y**5/20 - y**4 - y**3/3 + 7*y**2 + 635*y + 1. Determine n(12).
-10
Suppose 36*y = 16*y + 200. Let n(i) = i**2 - 6*i + 15. Determine n(y).
55
Suppose 66*u + 5*o - 1 = 68*u, -u - 1 = -3*o. Let w(p) be the first derivative of 7/2*p**u - 2*p - 1/3*p**3 - 5. Calculate w(6).
4
Let k(n) = -5*n + 3. Let s(z) = -z**3 + 9*z**2 + 22*z + 4. Let c be (6/(-42) - -1)/(2/(-14)). Let w be (26/c - 3)/((-2)/3). Let u be s(w). What is k(u)?
-17
Let q(z) be the second derivative of 9*z**5/20 + z**4/12 - z**2/2 - 11981*z. Suppose w + 6 = 3*w. Suppose 4*p = 3*g - 1, 2*g = -w*g - 4*p - 9. Give q(g).
-9
Suppose 0 = 14*j - 16*j - 6, -5*r - 5*j = 25. Let k(n) = 8*n**2 + 2. Let c(p) = p**2 - p. Let m(o) = 4*c(o) - k(o). Calculate m(r).
-10
Suppose 2*o = -8*r + 20, 4 = 4*r + 14*o - 16*o. Let z(f) be the second derivative of 0 - 2*f**r + 5/6*f**3 + 7*f + 1/20*f**5 + 5/12*f**4. Calculate z(-4).
-8
Suppose 48*a + 16 = -848. Let l(t) = -2*t + 2. Calculate l(a).
38
Suppose 11*w + 8 = 250. Let y(o) be the second derivative of o**3/6 - 12*o**2 + 16*o. Determine y(w).
-2
Let u(a) = 3*a**3 + 18*a**2 + 12. Let b = -12454 - -12448. Determine u(b).
12
Let t = -793 + 798. Let r(p) be the second derivative of 0 + 5/2*p**2 - 1/20*p**t - 1/12*p**4 + 11*p - 1/6*p**3. What is r(0)?
5
Let m(x) = -x**2 - 5*x - 5. Suppose 0 = 4*n + 4*q + 180, 2*q + 105 = -2*n - 3*q. Let c = -34 - n. Let r be (c - 2)*3/(3/(-1)). Calculate m(r).
-1
Let i be 345/(-69)*(7/5 + 0). Let w(u) be the second derivative of u**3/3 + 4*u**2 - 24*u. Calculate w(i).
-6
Suppose 4*j + 4*v + 19 = -5, 4*v = -2*j - 16. Let o(z) = 551*z - 298*z + 6 - 249*z. What is o(j)?
-10
Let n(g) be the first derivative of -g**4/4 + 14*g**3/3 + 8*g**2 - g + 7540. Give n(15).
14
Let q(n) = -n**3 - 6*n**2 - 5*n + 1. Suppose 2*g - 11 + 1 = 0. Suppose -4*v = 12, 6*x + 3*v = g*x - 13. Give q(x).
-11
Suppose 4*q - 24 = -2*q. Suppose -q*d = 16*d. Let p(f) = f**2 + 6. Calculate p(d).
6
Let y(z) be the second derivative of z**4/12 - 3*z**3/2 + 7*z**2/2 + z. Let r(o) = 4*o - 18. Let j = -57 - -63. Let a be r(j). Calculate y(a).
-11
Let f(h) = -27*h - 66. Let b be f(-4). Let p(d) = -82 + 39 + 2*d + 4*d + b - 5*d. Give p(-4).
-5
Let m(u) = 5*u**3 + u**2 + 2*u - 4. Let y be m(1). Let d(n) be the first derivative of -2 - 2/3*n**3 - 6*n + 3*n**2. What is d(y)?
-14
Let u(p) be the second derivative of 0 + 1/6*p**3 + 45/2*p**2 - 15*p + 1/24*p**4. Let k(c) be the first derivative of u(c). Determine k(-2).
-1
Let l(f) = -f**3 + 78*f**2 + 330*f - 154. Let y be l(82). Let p(c) be the first derivative of -y - 2/3*c**3 + 4*c**4 - c**2 - c. What is p(-1)?
-17
Let b = -442 - -445. Let k(u) = -2*u + 10. Let s(p) = -p + 10. Let a(m) = -3*k(m) + 2*s(m). What is a(b)?
2
Let c(o) be the second derivative of -5*o**3/3 - 7*o**2 + o + 75. Determine c(-3).
16
Let s be (-1 + 3 + 0)/(-2). Let r(m) be the second derivative of 5*m**3/3 - m**2/2 - 437*m + 1. Determine r(s).
-11
Let f(w) be the second derivative of -w**5/20 + 35*w**4/12 - w**3 + 102*w**2 + 4420*w. Calculate f(35).
-6
Let g be ((-4)/(-7))/((-14)/(-49)). Suppose 5*p + g*p = 14. Let d(i) = -i**3 - 3*i**2 + 2*i - 1. Give d(p).
-17
Let l(a) = -a**2 + 89*a + 4 + 23*a - 127*a + 21*a. Determine l(-3).
-23
Sup